irst derivative of 4*b**2 + 79*b - 3. Is p(0) prime?
True
Let o = -5349 + 19652. Is o a prime number?
True
Let c(z) = -8*z**3 + 3*z**2 - 7*z - 7. Let f = 5 - 9. Is c(f) a composite number?
True
Let f be (-2*15)/(-6) + 0/(-1). Let h(a) = 3859*a + 1. Let o be h(1). Suppose f*p = 9*p - o. Is p prime?
False
Let m = -11884 + 21853. Is m a prime number?
False
Suppose -13099 = 17*w - 184782. Is w composite?
False
Suppose -33 + 24 = 3*n. Is ((-2)/(-4))/((2 + n)/(-3454)) composite?
True
Suppose 10*p = 5*p + 165665. Is p a composite number?
True
Let n(l) = -l**2 + 10*l - 1. Let x be n(11). Let k(q) = -q**3 - 6*q**2 + 12*q + 41. Is k(x) prime?
True
Let o = 2140 - 1396. Suppose 3*z - 135 = o. Is z composite?
False
Let j = -19 + 21. Is (j - (-3172)/8)*2 a prime number?
True
Let k = -69 + 66. Is ((-3)/(-2))/((3/(-958))/k) a composite number?
True
Let l(h) = 7*h**2 + 27*h + 1415. Is l(-54) a composite number?
False
Let j be 3 - 6 - (-20 - 0). Let r = j + -13. Suppose -3*b - r*g = -733, 0 = 2*g + 8 + 2. Is b composite?
False
Let z(f) = f**3 - 2*f**2 - 6*f + 11. Let u be z(3). Suppose u*j = 22 + 1348. Is j composite?
True
Is 22376/16 + 2/4 prime?
True
Suppose -2*z - 644 = -5*j + 673, -4*z - 2589 = -j. Let d = 4589 + z. Is d prime?
True
Suppose -9*r + 2886 = 897. Is r a prime number?
False
Suppose -2*s - 5958 = -2*y, 5*s = -3*y + 4*s + 8937. Suppose -3*w + 12*w = y. Is w a composite number?
False
Let o(p) = -59*p**2 - 3*p - 4. Let v be o(3). Let s = -365 - -140. Let c = s - v. Is c a prime number?
False
Let t be (7 - 5)*(0 - 1). Let p be -16*(-3 + t) - 1. Let w = -54 + p. Is w prime?
False
Suppose 0 = -4*a + 26156 - 5160. Is a composite?
True
Let s = -47 + 47. Suppose s = 6*w - 10*w + 996. Is w prime?
False
Let b = 158 - 68. Let x = -444 + b. Let h = -148 - x. Is h a composite number?
True
Let m = 173 + -547. Let y = 737 - m. Is y a composite number?
True
Suppose 0*y + 44 = 4*y. Suppose -g - 21 = -4*i, 3*i - y = g - 5*g. Suppose h + 4*s = 207, 1095 = -3*h + 8*h + i*s. Is h a prime number?
True
Let c(u) = -11 - 2*u + 5*u + u**2 + 5 + 3*u. Let l be c(-7). Let k(a) = 32*a**3 - a**2. Is k(l) a prime number?
True
Let p(i) = -i - 8. Let z be p(-6). Let n = 2 + z. Suppose 0 = -2*c + c + t + 119, n = 3*c + t - 365. Is c prime?
False
Let z be 16/(-20) + 114/5. Suppose -26*d + z*d = -3068. Is d a prime number?
False
Suppose -1750 = -2*o + 2*w - 164, -3*o + w = -2369. Suppose y - o = -175. Is y prime?
True
Let z be ((-1 + (0 - -1))/2)/(-5). Let p(r) = -8*r - 105. Let c(j) = -3*j - 35. Let s(b) = 17*c(b) - 6*p(b). Is s(z) composite?
True
Let q = 57 - 53. Suppose -4*r - 1481 = -2*g + g, -2*g + 2962 = q*r. Is g a prime number?
True
Let p(z) = z - 2. Let q be p(4). Suppose 5*f - 801 = q*n, -131 = 2*f - n - 451. Is f prime?
False
Let k(x) = -x**3 + x**2 + 2*x - 1. Let w(t) = t**3 + t**2 - 12*t + 7. Let d(o) = -2*k(o) - w(o). Let j be (0 - 5)*(-2)/2. Is d(j) composite?
True
Suppose c - g + 2798 = 6833, -g - 20183 = -5*c. Is c a prime number?
False
Let d(l) be the second derivative of -l**3/6 + l**2/2 - 3*l. Let y(g) = -45*g + 6. Let n(r) = d(r) - y(r). Is n(6) composite?
True
Let b = 571 + -1052. Let x = b - -734. Is x a composite number?
True
Let z(q) = 2*q - 6. Let i be z(4). Let o(p) = p**i - 2*p**2 - 3 - 2 + 4 - 14*p. Is o(-12) prime?
True
Suppose 0 = -2*u + 4*g + 9410, 8*u - 3*u - 23570 = -5*g. Is u composite?
True
Is (95541/15)/((-17)/(-85)) a composite number?
False
Let s be ((-16)/12)/((-4)/(-6)). Let p be (-4)/(-8)*s/(-1). Suppose p + 76 = k. Is k prime?
False
Suppose 8*f - 16600 = 4*f - k, 3*k = -12. Is f a prime number?
False
Suppose -880 = 30*t - 34*t. Let p = t - -87. Is p composite?
False
Let a be ((-1)/2)/(4/(-15592)). Is (a/(-2))/((15/(-6))/5) composite?
False
Let s(n) = -50*n**3 + 2*n**2 - n - 4. Let j be s(2). Let k = 1593 - j. Is k a composite number?
True
Suppose -x = 11*v - 8*v - 3449, -x - 4*v = -3449. Is x a prime number?
True
Let p(g) = -66*g - 31. Is p(-37) composite?
False
Let o(u) = -435*u**2 - u. Let s be o(-1). Let c = s - -2419. Is c a prime number?
False
Suppose 2*s - 56108 = -6*f + 8*f, -9 = 3*f. Is s prime?
True
Let y(z) = -5*z**3 + z**2 + z - 8. Let g be y(-3). Let h(j) = 10*j + 4. Let c be h(5). Let x = g - c. Is x a composite number?
False
Suppose 2*w = -3*b + 8612 - 1813, 3399 = w + b. Is w composite?
True
Suppose -8 = -3*c + c. Let y(u) = -3*u**3 + 5*u**2 + u + 4. Let f be y(c). Is ((-187)/68)/(2/f) prime?
False
Let q(l) = l + 6. Let g be q(-6). Suppose 4*p + p = g. Suppose p = 3*z - 237 - 96. Is z composite?
True
Suppose 3*k - 6*x - 2284 = -7*x, 3067 = 4*k - 3*x. Is k a prime number?
False
Let y(d) = 113*d + 22. Suppose i - 6*v + 22 = -v, -2*i + 3*v - 9 = 0. Let c(b) = 56*b + 11. Let u(r) = i*y(r) - 5*c(r). Is u(4) composite?
True
Let w = 15777 - 5030. Is w prime?
False
Suppose 0 = -8*q + 10*q - 1860. Suppose h - q = -109. Is h a prime number?
True
Suppose 39057 - 8330 = u. Is u prime?
True
Let b = -22 + 36. Suppose -4*v + 3*v - 4*k + b = 0, -3*v + 3*k = 3. Is 20/(-3)*(-3)/v prime?
False
Is 8 - 23928/(48/(-6)) a composite number?
False
Suppose g = -4*r + 5871, g - 4*r = 3240 + 2591. Is g composite?
False
Let r = 3095 + 9932. Is r a composite number?
True
Is -21171*(8/4)/(-6) a prime number?
True
Suppose -7*x - 262 = -1417. Suppose 3*s = l + 7 + x, -12 = 3*l. Let n = -31 + s. Is n a prime number?
False
Suppose 3*c + 2*c = 0. Suppose 0 = 5*f - 13*f + 32. Suppose c = f*w + 58 - 286. Is w prime?
False
Let w be 1/((-10)/4) + 111824/(-40). Let v = 8959 + w. Is v composite?
False
Let b(g) = g**3 - 5*g**2 + 2*g - 4. Let q be b(5). Suppose -q*x = -11*x + 13535. Is x prime?
True
Let w = 13 - 8. Suppose 3*z + 10 = w*z. Suppose 0 = -z*g + 2*g + 2049. Is g a composite number?
False
Let y = -3183 + 12976. Is y composite?
True
Let c be ((-56)/2)/(-7) + (-1)/(-1). Suppose 7*q = c*q + 6986. Is q composite?
True
Let h be (7/((-7)/(-4)) - 3) + 479. Suppose -5*q - 250 + 837 = 2*d, -h = -4*q + d. Is q prime?
False
Suppose 0 = 5*p - 8847 - 9263. Is p composite?
True
Suppose 0 = 3*p - 6, -5*c = -8*c + 2*p + 123389. Is c a prime number?
True
Let i(z) = z**3 - 13*z**2 - 16*z + 8. Let y be i(14). Is ((-2)/(-3))/((y/795)/(-2)) prime?
True
Let t(d) = 10*d**3 - 8*d**2 + 8*d - 3. Suppose 9*u - 23 - 22 = 0. Is t(u) composite?
False
Let i(f) = -11*f - 1. Let d be i(-1). Suppose -2*a - 1 + 13 = 0. Suppose d*v = a*v + 1468. Is v prime?
True
Let t be 326 + -10 - (6/2)/1. Let c = t - -838. Is c composite?
False
Suppose -2 = -5*a - 4*m, -5*m = -0 + 10. Suppose 0 - a = 2*n. Is (2 + n)*95/5 prime?
True
Suppose -131 = 8*b + 37. Is (651/9)/((-7)/b) a prime number?
False
Let p be -5 + 5/(10/(-4)). Suppose -6*i + k - 23 = -9*i, 3*k - 29 = -4*i. Let v = i - p. Is v a prime number?
False
Let i be (2/(-2))/((-9)/27). Is (-22272)/(-30) - (-2)/10*i prime?
True
Suppose 3*v + 5*v - 39752 = 0. Is v a composite number?
False
Let r(o) = 0*o - 10*o**3 - 4*o**2 + 3*o**2 + o - 6*o**3. Let h be r(1). Is h/136 - 3589/(-17) composite?
False
Suppose 86*u - 365240 = 46*u. Is u prime?
False
Suppose -5*v + 41667 = 2*z, 4*v - 33327 = 3*z + 2*z. Is v composite?
True
Let l = -146 - -419. Let c = l - 184. Is c prime?
True
Suppose -11*b - 2*b = -7748. Suppose -w - b = -5*w. Is w a composite number?
False
Suppose 4*y = 3469 - 681. Is y composite?
True
Let j be (-2)/2 + (-18 - -1507). Suppose -j = 6*g - 7*g. Suppose -3*f + 2*r + g = -f, 729 = f + 2*r. Is f prime?
True
Suppose 0 = -0*q + q. Suppose 0*v + 2*v - 2 = q. Suppose 4*n + 5*z - 70 = 0, 0 = z - v - 1. Is n prime?
False
Let v(t) = 3405*t - 26. Is v(5) a composite number?
True
Suppose -4*j + 4*d = 2*d - 35002, -4*j + 35032 = 4*d. Is j a prime number?
True
Suppose 106*i - 113*i = -38451. Is i prime?
False
Suppose 3*t + q = t + 11958, 0 = 5*t - 2*q - 29913. Is t a composite number?
False
Suppose -16 = 2*o - 24. Suppose -o*w + j + 7 = 0, -14 = -5*w - 0*j + 3*j. Is 1/(208/(-212) + w) composite?
False
Let d = -207 - -78. Is d/(-1)*25/15 composite?
True
Suppose 3*d = k - 12, 3*k - 4 = 2*d + 4. Let b(a) = a**3 - 3*a**2 + a. Let i be b(3). Suppose k = -i*q - q + 572. Is q a prime number?
False
Let i(k) = k**2 + 140. Let o be 4 + 1/((-2)/8). Let p be i(o). Let z = p + -87. Is z a composite number?
False
Suppose -j + 2974 = -429. Is j composite?
True
Suppose